11 a composite number?
True
Is 6008300539 composite?
True
Is 10712293289 a composite number?
True
Is 8397694483 prime?
False
Is 395964031 a prime number?
False
Is 691018663 a composite number?
True
Is 121855047991 prime?
True
Is 2927528273 a prime number?
True
Is 2301260513 prime?
True
Is 1194645801 composite?
True
Is 218163211534 a composite number?
True
Is 29755864001 composite?
False
Is 1577310079 composite?
False
Is 25874363707 prime?
True
Is 240382811 a prime number?
True
Is 62325427631 composite?
True
Is 732415231 prime?
True
Is 194314548293 composite?
False
Is 3609944651 prime?
False
Is 4803978265 prime?
False
Is 65529769 prime?
False
Is 1071323251 a composite number?
True
Is 8019054503 a composite number?
False
Is 57177899446 prime?
False
Is 337131866 prime?
False
Is 18975142019 a composite number?
False
Is 240108449 a prime number?
False
Is 93451217 composite?
True
Is 127164407 prime?
True
Is 16314117883 a composite number?
True
Is 2342628053 composite?
True
Is 3565818857 a prime number?
True
Is 4211796727 prime?
False
Is 40225901813 a composite number?
True
Is 58170194549 prime?
True
Is 2369966249 composite?
True
Is 185145214 prime?
False
Is 3218726857 composite?
True
Is 19669399787 a prime number?
False
Is 65522351 composite?
True
Is 537582163 a prime number?
True
Is 257971639 a composite number?
True
Is 2440236693 a composite number?
True
Is 2451079 a composite number?
False
Is 72446708129 a composite number?
True
Is 4198963411 prime?
True
Is 22521580493 composite?
True
Is 304578629767 composite?
False
Is 7831412306 composite?
True
Is 53935933 composite?
False
Is 792773173 a composite number?
False
Is 43907123231 a prime number?
False
Is 101177498347 a prime number?
True
Is 3254242703 a composite number?
False
Is 5550115807 prime?
False
Is 6478694821 a composite number?
False
Is 43632875263 a prime number?
False
Is 276856351 prime?
False
Is 86517316807 a prime number?
False
Is 239986493 a prime number?
False
Is 1025810699 prime?
False
Is 16069550089 a prime number?
True
Is 15356653297 a composite number?
False
Is 49609500613 a composite number?
False
Is 3820391503 a prime number?
False
Is 3028285079 composite?
True
Is 2746964291 composite?
True
Is 6552106429 composite?
True
Is 777896201 composite?
True
Is 69571228231 composite?
False
Is 30971053 a composite number?
True
Is 13688913833 composite?
True
Is 1898497646 a composite number?
True
Is 533733297 composite?
True
Is 961595693 a composite number?
True
Is 1578763037 a composite number?
True
Is 398148547 a prime number?
True
Is 6068837521 a composite number?
False
Is 16701915011 composite?
False
Is 554029907 prime?
True
Is 105502709549 prime?
True
Is 26635363031 a prime number?
True
Is 1037173069 a composite number?
False
Is 2708850927 a composite number?
True
Is 1200803601 prime?
False
Is 302782759 composite?
False
Is 7934995921 a composite number?
True
Is 27337264973 a composite number?
True
Is 1031594887 prime?
False
Is 1145533121 composite?
False
Is 61768567379 a composite number?
False
Is 108014343029 a composite number?
True
Is 1383937813 a composite number?
True
Is 82891669523 composite?
True
Is 1422946769 a composite number?
False
Is 10196116001 a prime number?
True
Is 8948590247 a composite number?
False
Is 15045456871 prime?
True
Is 191717531 composite?
False
Is 81544403 composite?
False
Is 1740332353 prime?
False
Is 3091923323 composite?
False
Is 1557860791 a prime number?
True
Is 2575370002 prime?
False
Is 931189421 prime?
False
Is 674981239 composite?
False
Is 9847873699 composite?
False
Is 10753825699 prime?
True
Is 1342444757 composite?
False
Is 18985472853 a composite number?
True
Is 3961452851 a composite number?
True
Is 3771353381 prime?
True
Is 20595559 prime?
True
Is 33474726253 a prime number?
True
Is 2486524165 composite?
True
Is 2973791029 a prime number?
False
Is 354859733 composite?
True
Is 114810312401 composite?
False
Is 121497492163 composite?
True
Is 238867877 a composite number?
False
Is 338686772637 a prime number?
False
Is 30726238511 a composite number?
False
Is 1119320563 a composite number?
True
Is 33235281413 a composite number?
True
Is 215929591 composite?
True
Is 45408624081 a prime number?
False
Is 221029859 a prime number?
False
Is 8484438685 prime?
False
Is 7381317901 a prime number?
True
Is 16134816554 a composite number?
True
Is 17027690189 composite?
False
Is 202031909 prime?
False
Is 1468529399 a composite number?
True
Is 629487911 a prime number?
False
Is 2824053887 a composite number?
True
Is 7017597701 composite?
False
Is 298713482671 composite?
False
Is 2441615443 composite?
False
Is 64706618 composite?
True
Is 435742919 prime?
True
Is 27377366369 a prime number?
True
Is 168765383 composite?
False
Is 27079372501 prime?
True
Is 10756465747 a prime number?
True
Is 938149781 composite?
True
Is 76690233551 a prime number?
True
Is 11745805133 composite?
False
Is 250536571 prime?
False
Is 788190521 a prime number?
False
Is 196100395 composite?
True
Is 17693226871 a composite number?
True
Is 42176534991 composite?
True
Is 181418398049 a prime number?
False
Is 1943461027 composite?
True
Is 47936892217 a composite number?
False
Is 7782940643 a composite number?
False
Is 21995936069 a composite number?
True
Is 19932774259 composite?
False
Is 156496981 a composite number?
True
Is 397285033673 composite?
True
Is 19300556489 a prime number?
True
Is 134250801751 a composite number?
True
Is 98385269 composite?
False
Is 20823392059 composite?
True
Is 2171899882 composite?
True
Is 87579850213 composite?
False
Is 4039835747 a composite number?
False
Is 9069796819 prime?
False
Is 7517705123 a prime number?
False
Is 112605287087 a composite number?
False
Is 57537654203 a prime number?
False
Is 20887109 composite?
False
Is 3768707959 prime?
True
Is 19958343397 a prime number?
True
Is 156162516211 a prime number?
False
Is 4851097673 a prime number?
False
Is 1959579166 composite?
True
Is 618601651 prime?
True
Is 2862746599 composite?
False
Is 17108430553 prime?
True
Is 470060873 composite?
False
Is 226800105791 prime?
False
Is 1868540291 composite?
False
Is 11109313067 a prime number?
True
Is 214411187 a composite number?
False
Is 49943403977 a prime number?
True
Is 885198967 prime?
False
Is 1220586083 a composite number?
False
Is 615530731 a prime number?
False
Is 2755464637 composite?
True
Is 337366580833 composite?
True
Is 1785302749 a composite number?
False
Is 37095105377 composite?
True
Is 365166397 prime?
True
Is 70159521899 prime?
True
Is 581154199 composite?
True
Is 3001324033 a composite number?
False
Is 479506795 prime?
False
Is 376209236791 a composite number?
False
Is 1705664641 a prime number?
True
Is 26252634497 composite?
True
Is 36426419 a composite number?
False
Is 2414945729 a prime number?
False
Is 93552073 prime?
True
Is 8340055597 a prime number?
True
Is 1649885821 prime?
True
Is 25367790391 composite?
True
Is 100390935731 prime?
False
Is 994771213 a composite number?
False
Is 536075129 prime?
False
Is 310064899 a prime number?
True
Is 406459461293 prime?
False
Is 1916841041 a prime number?
True
Is 14465391751 a composite number?
False
Is 13834736983 a prime number?
False
Is 6905877833 composite?
True
Is 59392777 prime?
False
Is 521793253 composite?
True
Is 576299873 a composite number?
False
Is 7982957327 composite?
False
Is 23181281197 prime?
True
Is 1294775563 a prime number?
False
Is 1373996497 a composite number?
True
Is 59167387049 a prime number?
False
Is 45186390011 prime?
False
Is 237727289 composite?
False
Is 9541048063 composite?
False
Is 5495001167 prime?
False
Is 6663039613 a composite number?
False
Is 118641380047 prime?
True
Is 11679521419 a prime number?
True
Is 5780998891 prime?
False
Is 22482977203 a composite number?
True
Is 186523234307 a composite number?
True
Is 226990230913 composite?
False
Is 3242188049 prime?
False
Is 1517688737 composite?
True
Is 1166668037 composite?
False
Is 4809665629 prime?
False
Is 962965813 composite?
False
Is 26192534 a composite number?
True
Is 3368465319 composite?
True
Is 1968828553 prime?
True
Is 326773627 prime?
False
Is 44373089 a prime number?
False
Is 40441339907 a prime number?
True
Is 257183483 a composite number?
True
Is 14343242773 composite?
True
Is 5676290359 a prim